actors of (-1 - k) + 546 + 5.
3, 5, 37
Suppose 2*f - 4*x - 18 = -x, 2*f + 5*x = 18. Suppose -3 = -3*y + 3*r + 9, -2*y + 3*r = -f. Suppose -y*v - 8*v + 968 = 0. What are the prime factors of v?
2, 11
Suppose 105*n - 120*n + 63801 = -65589. List the prime factors of n.
2, 19, 227
Let g be (1 - 2)*(7 + -8). Let q be (-16)/(3 + g) + 3. List the prime factors of q*-3*80/15.
2
Let f = -124 - -131. Suppose 3*i + 2832 = 3*n, 4*n - 6*i - 3751 = -f*i. What are the prime factors of n?
3, 313
List the prime factors of (-11317)/(-5) - 4/10.
31, 73
Let j = 4046 - 2422. Suppose -3*v + 1212 = q, 4*v + 14*q - 10*q - j = 0. List the prime factors of v.
13, 31
Suppose 11325 - 62797 = -2*r + 5*o, -r = 5*o - 25736. What are the prime factors of r?
2, 3217
Let g = -9613 - -27933. List the prime factors of g.
2, 5, 229
Suppose g + 50 = -4*k + 30, -5*g - 36 = 4*k. List the prime factors of 838 + (2 - k - 3).
29
Let a(u) = -u**3 - 13*u**2 - 12*u - 48. Let b be a(-12). List the prime factors of 1338 - -5*b/(-40).
2, 3, 7
Suppose 3*c - 2*m - 1123 = 0, -c + 4*m = -127 - 244. List the prime factors of c.
3, 5
Suppose 0 = -0*l + 4*l + 4*s, 0 = -s - 2. Let z(w) = -11*w**3 - 3*w**2 - 2*w + 3. Let m be z(l). Let i = 121 + m. What are the prime factors of i?
2, 5
Let p(h) = 902*h + 10. Let r be p(3). Suppose 7*w + 0*w = r. What are the prime factors of w?
2, 97
What are the prime factors of (-15830)/(-6) + 207/(-621)?
2, 1319
What are the prime factors of -7 + 13349 + 99/9?
3, 4451
Suppose -10 = 5*t, 2*q - 4*t + 19 - 51 = 0. Suppose -q*p + 1026 = -9*p. What are the prime factors of p?
2, 3, 19
Let n(k) = 5818*k**2 + 4*k + 5. What are the prime factors of n(-1)?
11, 23
Let m(c) = 2*c**3 + 10*c**2 - 13*c + 9. Let s be m(-6). Let u be (204/s + -1)*(3 - -2). Suppose -211 = -2*a - u. List the prime factors of a.
2, 37
Let c(p) = 87*p**2 - 2*p + 1. Let l be c(3). Suppose -3*q + 2307 - 383 = 5*r, -2*r - 4*q + l = 0. What are the prime factors of r?
383
Let w(q) = -7*q**2 - 2*q + 3. Let h be w(2). Let d = 2876 + -2817. Let t = h + d. What are the prime factors of t?
2, 3, 5
Let u = -84 - -77. Let o be 4/10 - 243/(-5). What are the prime factors of (-54)/u + 14/o?
2
Let a = 79729 + -55621. What are the prime factors of a?
2, 3, 7, 41
Let f(w) = 1043*w - 348. List the prime factors of f(4).
2, 239
Suppose 712 = 4*z + 4*z. Let d = z - -23. What are the prime factors of d?
2, 7
Let z = 41519 + -11923. What are the prime factors of z?
2, 7, 151
Let i be 5 + (-265)/55 - 1879/(-11). Let r = -9 + i. Let x = r + -77. List the prime factors of x.
5, 17
Suppose 19*c - 208044 = 10*c - 27*c. What are the prime factors of c?
5779
Let v(t) = 3*t**2 + 3*t + 14. Let x be v(-3). Suppose 0 = 4*a - 2*o + 2 - x, -a + 5 = 2*o. Suppose 110 = 8*k - a*k. List the prime factors of k.
2, 5, 11
Let c be (-4)/6*(-84)/(-8) + 3. What are the prime factors of (-3)/(-3)*916*(-2)/c?
2, 229
Let o(r) be the second derivative of -7*r**3/6 + 25*r**2 - 117*r. List the prime factors of o(-5).
5, 17
Let f = 47 + -63. Let x = -5 - f. Suppose -2*s + 5*k + x = -35, 69 = 3*s - 4*k. List the prime factors of s.
23
Let o(y) = 30*y**2 + 4*y - 3. Let i be o(1). Suppose 25*u = i*u - 6. What are the prime factors of 1/5 + (209/5)/u?
2, 3, 7
Let h = -23322 - -41341. List the prime factors of h.
37, 487
Let u(k) = -111*k - 18. Let g be (168/70)/((12/15)/(-2)). List the prime factors of u(g).
2, 3
Suppose 3*o + 4*r = -48, -3*o + 10*r = 13*r + 45. What are the prime factors of ((-7)/(-4))/(o/(-5424))?
7, 113
Let w = -1333 + 2438. Let g(r) = -r + w*r**2 - 3*r - 1101*r**2. What are the prime factors of g(6)?
2, 3, 5
Let p(c) be the first derivative of -16*c**3/3 - c**2/2 + 381*c + 39. What are the prime factors of p(0)?
3, 127
Let y = -21 + 24. Let x(g) = g**3 + 11*g**2 - 11*g - 16. Let m be x(-12). What are the prime factors of -87*m/12 - y?
2, 5
Suppose 5*y + 70*q - 72*q - 106703 = 0, -3*q + 64026 = 3*y. List the prime factors of y.
21341
Suppose -5*r = -10*r + 25, 0 = -j + 2*r - 6. Suppose -2*z + 2847 = -5*v + 567, 0 = j*z + 3*v - 4534. What are the prime factors of z?
5, 227
Suppose 0 = 64*i + 17*i - 863622. List the prime factors of i.
2, 3, 1777
Suppose 9*a + 43*a - 104 = 0. Suppose z = 5*d - 6284, 15*z - 2519 = -a*d + 10*z. What are the prime factors of d?
3, 419
Suppose 9*w + 26 = 35. List the prime factors of ((9/6)/w)/(1/288).
2, 3
Let g(u) = -u**2 - 14*u - 19. Let b be g(-10). List the prime factors of (140/b)/10*3.
2
Let n(b) = -b**3 + 27*b**2 - 24*b - 48. Let q be n(26). Suppose -d = 3*d - 1272. Suppose t - 4*k - 246 = -2*t, 2*k = q*t - d. What are the prime factors of t?
2, 3, 13
Let i(y) = 273*y**2 - 13*y - 30. What are the prime factors of i(-2)?
2, 17
List the prime factors of (-5644)/(-7) + (116 - 110) + 4/(-14).
2, 7, 29
Let v(t) = 7*t**3 + 42*t**2 + t + 17. List the prime factors of v(4).
7, 163
Let y be 8/84*-3 + 11728/(-14). Let c = y - -1026. What are the prime factors of c?
2, 47
Let j = -11902 - -21438. List the prime factors of j.
2, 149
Let n(w) be the first derivative of w**3/3 - 6*w - 3. Let x(u) = -u**3 + 7*u**2 + 6*u - 36. Let h be x(7). List the prime factors of n(h).
2, 3, 5
Let f(n) = -n**2 + 10*n + 26. Let v be f(7). Suppose 180 = 44*w - v*w. Let j = w - -138. List the prime factors of j.
2, 3, 13
Let g(s) be the second derivative of s**5/20 + s**4/6 - 20*s**3/3 - s**2/2 + 12*s + 3. What are the prime factors of g(-7)?
2, 17
Suppose 0 = -5*k + 3*v - 460, -2*k - v - 84 = -k. Let g be (-2 + -12)/28*(-541 - -1). Let s = k + g. List the prime factors of s.
181
Let f(j) = 16*j**3 + 3*j**2 - 6*j - 6. Let w be f(4). Suppose 4 = -p, 4*k - k - w = -2*p. Let a = -167 + k. What are the prime factors of a?
3, 61
Let j be (-9)/((-405)/(-6)) - (-62)/15. Suppose v + 3 = u - 7, 10 = -5*v. Suppose 3*w + 4*z = u*w - 559, 443 = j*w + z. What are the prime factors of w?
3, 37
Suppose 4*g + 2*y = 24, -5*y - 16 + 56 = 5*g. Suppose 928 = -2*z + g*z. Suppose -2*u - 3*u = -4*j + z, 0 = -3*j - 2*u + 371. List the prime factors of j.
11
Suppose 6*z = 10 + 26. Let j(g) = 6*g**3 + 4*g + 6*g**2 - 14*g**3 + 7*g**3 + 20. List the prime factors of j(z).
2, 11
Let n = -116 + 207. Suppose -r = -4*h - n, -2*h + 398 = 5*r - 3*h. Suppose r = 3*z - 26. What are the prime factors of z?
5, 7
Let p be (-13)/(-52)*(2 + 6). Suppose p*h - 336 = 5*t + 53, -4*t - 981 = -5*h. What are the prime factors of h?
197
Let h(a) = -2*a**3 + a**2 - 8*a + 7. Let k be h(4). Let j = k + 241. List the prime factors of j.
2, 13
Let g = -212 + 215. Suppose -3*i - g*n + 118 + 320 = 0, 2*i = n + 286. What are the prime factors of i?
2, 3
Let o(n) = -n**2 + 8*n + 18. Let m be o(10). Let h be -2 + (1 - -75 - m). Let x = h - -53. What are the prime factors of x?
3, 43
Suppose 7*w - 15 = -1. Suppose 694 = w*i - 2*s, 2*s = -i + 2*i - 351. What are the prime factors of i?
7
Let y(t) = -t**2 - 5*t + 2. Let j(w) = -w - 15. Let g(b) = 11*b**3 - b**2 - b + 1. Let c be g(-1). Let i be j(c). List the prime factors of y(i).
2
Suppose -384*z + 383*z = -5*b - 327, 4*b + 1025 = 3*z. What are the prime factors of z?
347
Let w = -8115 + 8119. Let x = 558 + -2018. List the prime factors of (w/(-10))/(0 - (-4)/x).
2, 73
Let z = -7678 + 13093. What are the prime factors of z?
3, 5, 19
Let l(s) = 13417*s - 43. List the prime factors of l(2).
73, 367
Let u(n) = n**3 - 4*n**2 - 5*n + 6. Let z be u(5). Suppose 5*d - z = 19. Suppose 0 = 7*s - d*s - 62. What are the prime factors of s?
31
Let y = -12231 - -24393. What are the prime factors of y?
2, 3, 2027
Let k be 758 - (2/((-10)/15) - -7). Let m = k - -43. What are the prime factors of m?
797
Let w(c) = 31 + 34 - 20 + 17 - 5*c. Let i be w(14). List the prime factors of i*(0 + -6) + 0 + 3.
3, 17
Let m = -1553 + 1464. Let o(z) = -34*z - 6. Let v be o(-5). Let t = v + m. List the prime factors of t.
3, 5
List the prime factors of (-22285)/(-3) - (-8)/(-24).
2, 3, 619
Let x = -145 - -145. Suppose x = 2*t - 173 + 105. What are the prime factors of t?
2, 17
Suppose 2*z + 2 = -0*z, -3*n + 5*z - 7 = 0. Let v be (5 + -3 - -1) + n. What are the prime factors of -1 + 156 + v/1?
2, 7, 11
Let k = 287 + -285. Suppose 2*q + 2464 = -2*h + 6*h, -2*h = -k*q - 1236. What are the prime factors of h?
2, 307
Let i(p) = -30*p + 8. Suppose -62*o + 63*o - 41 = 0. 